 the greatest common divisor of 54751960 and 40?
40
Calculate the greatest common factor of 230 and 152753380.
10
What is the highest common factor of 952208 and 848?
16
What is the greatest common divisor of 130096030 and 290?
290
What is the greatest common divisor of 312988 and 198164?
1852
Calculate the greatest common divisor of 7856250 and 143750.
6250
Calculate the highest common divisor of 273 and 20848191.
273
What is the highest common factor of 238646 and 30464?
34
Calculate the greatest common divisor of 5242000 and 2000.
2000
Calculate the greatest common divisor of 70781 and 5117275.
1913
What is the greatest common factor of 115314863 and 214?
107
What is the highest common divisor of 672375 and 2706?
33
What is the greatest common divisor of 728 and 13858312?
104
Calculate the highest common factor of 2449 and 2788729.
31
What is the greatest common divisor of 451613 and 4187?
53
What is the highest common factor of 2146 and 34929659?
29
What is the highest common divisor of 16 and 4727264?
16
Calculate the greatest common factor of 1264709 and 7083.
787
What is the highest common divisor of 43491480 and 1680?
120
Calculate the highest common divisor of 9850 and 2270622.
394
What is the highest common factor of 129285 and 589815?
765
Calculate the highest common factor of 1189400 and 10200.
200
Calculate the highest common factor of 5139 and 1025847.
9
Calculate the highest common divisor of 52 and 18396625.
13
Calculate the greatest common divisor of 236762646 and 498.
498
What is the greatest common divisor of 827911 and 1589?
7
What is the greatest common factor of 110982 and 786297?
1047
Calculate the greatest common divisor of 26660988 and 4.
4
Calculate the greatest common factor of 1953 and 1208277483.
651
Calculate the greatest common factor of 73581 and 591.
3
What is the highest common divisor of 15861941 and 4427?
4427
What is the greatest common divisor of 1015345624 and 8?
8
Calculate the greatest common divisor of 359 and 310741784.
359
What is the greatest common factor of 46665 and 386325?
765
Calculate the greatest common factor of 476940 and 420.
60
What is the greatest common divisor of 160025442 and 6?
6
What is the highest common divisor of 1516995 and 77265?
765
Calculate the highest common divisor of 224196 and 130143580.
4396
What is the greatest common divisor of 11730 and 49929918?
2346
What is the greatest common factor of 1048 and 10716586?
262
What is the highest common divisor of 488898 and 2646900?
3114
Calculate the highest common factor of 24 and 1576599.
3
What is the highest common factor of 102263 and 8771?
49
Calculate the highest common factor of 521284239 and 7.
7
What is the greatest common factor of 5060 and 1319505?
55
What is the greatest common factor of 160 and 621498?
2
Calculate the highest common divisor of 3370 and 1308571.
337
What is the highest common divisor of 60171176 and 179968?
5624
Calculate the greatest common divisor of 37765 and 10121.
1
What is the highest common divisor of 627009 and 9?
3
Calculate the greatest common divisor of 232406 and 2171794.
8014
Calculate the highest common divisor of 27 and 346693068.
27
Calculate the highest common divisor of 46 and 765439563.
23
What is the highest common factor of 7944 and 94938?
6
Calculate the highest common divisor of 71274 and 7393829.
1697
Calculate the highest common divisor of 33 and 199704296.
11
What is the highest common divisor of 1304 and 1651696?
8
What is the greatest common divisor of 10 and 9166655?
5
Calculate the greatest common divisor of 9252829 and 19.
19
What is the greatest common factor of 2037715 and 8255?
635
Calculate the highest common divisor of 74814759 and 74763.
5751
What is the greatest common divisor of 844 and 161559746?
422
Calculate the highest common factor of 9 and 145034478.
9
What is the highest common factor of 2823195 and 8560?
535
Calculate the greatest common factor of 175644 and 11521.
41
Calculate the highest common divisor of 4950 and 66243650.
550
What is the highest common factor of 2580 and 15747460?
860
What is the highest common divisor of 1665680 and 19049?
443
What is the highest common factor of 133515 and 561752?
989
Calculate the highest common factor of 735652 and 7204388.
2084
Calculate the greatest common divisor of 137695 and 205.
5
Calculate the greatest common divisor of 9872128 and 84.
28
Calculate the greatest common factor of 39960 and 21143160.
1080
What is the greatest common divisor of 7184266 and 328?
82
Calculate the greatest common divisor of 4881875 and 214375.
625
What is the highest common factor of 1427 and 829291061?
1427
What is the greatest common divisor of 2324430 and 4?
2
What is the greatest common factor of 30 and 18607426?
2
Calculate the greatest common factor of 363203 and 110723.
263
What is the highest common factor of 71788734 and 412?
206
Calculate the greatest common factor of 534 and 21667762.
178
What is the highest common divisor of 48303717 and 2814?
1407
What is the highest common factor of 18045 and 24660?
45
What is the highest common factor of 3839 and 215347?
11
Calculate the greatest common divisor of 80 and 1069590.
10
What is the greatest common divisor of 4079591 and 9097?
827
Calculate the greatest common divisor of 32 and 67927352.
8
What is the greatest common factor of 19264214 and 114?
38
What is the greatest common divisor of 431027208 and 777?
111
Calculate the greatest common divisor of 8 and 53323464.
8
What is the greatest common factor of 502875 and 4917?
447
Calculate the greatest common factor of 8030395 and 31.
31
What is the greatest common factor of 100 and 59165?
5
What is the highest common divisor of 1837005 and 9579309?
8961
What is the greatest common factor of 552 and 44869688?
184
What is the highest common factor of 362362 and 38764?
22
What is the highest common divisor of 85 and 8483357?
17
What is the highest common divisor of 1505959 and 10523891?
8911
What is the greatest common divisor of 13991222 and 8050?
322
Calculate the highest common factor of 72 and 30849525.
9
What is the highest common factor of 1155 and 468762?
21
Calculate the greatest common divisor of 2886 and 780468.
78
What is the greatest common divisor of 142878684 and 3?
3
What is the highest common divisor of 189 and 37392003?
27
What is the highest common factor of 309132 and 514476?
1116
What is the greatest common divisor of 14182758 and 342?
18
What is the greatest common divisor of 1957724 and 4?
4
What is the highest common factor of 480520 and 920?
40
What is the highest common divisor of 38844 and 34164?
468
What is the highest common divisor of 539175 and 30?
15
What is the greatest common divisor of 19283 and 631?
1
What is the highest common divisor of 343250 and 156522?
2746
What is the highest common divisor of 51918 and 69326?
34
What is the greatest common divisor of 1398152 and 16?
8
What is the highest common factor of 750464 and 3483688?
4264
Calculate the greatest common divisor of 21105 and 2493405.
3015
What is the highest common divisor of 484270 and 136907?
79
Calculate the greatest common divisor of 579 and 32133.
3
What is the highest common factor of 3367343 and 629?
17
What is the highest common factor of 25472 and 566354?
398
Calculate the highest common factor of 18773963 and 3247.
191
What is the highest common factor of 28038 and 395681602?
9346
Calculate the highest common divisor of 1085 and 1828505.
35
Calculate the highest common factor of 76 and 9168.
4
Calculate the greatest common factor of 541627 and 3841.
23
What is the greatest common divisor of 3969288 and 26100?
1044
What is the greatest common divisor of 1153684600 and 6800?
3400
What is the greatest common factor of 28805 and 1073574695?
4115
Calculate the greatest common factor of 87600 and 12155376.
3504
Calculate the greatest common factor of 40655375 and 23700.
1975
Calculate the highest common divisor of 27925204 and 20.
4
What is the greatest common divisor of 5062763 and 305190?
3391
Calculate the greatest common factor of 423225344 and 6294.
2098
What is the greatest common factor of 311820499 and 391?
23
What is the greatest common factor of 7659751 and 814?
11
What is the highest common factor of 682717 and 21